58*p - 4 + 16 + 30117*p. What is v(5)?
-25
Suppose 0 = -28*d + 33*d - 20. Let f(a) = 8 - d*a**3 - 5 + 2 - 2*a - 4. Suppose -p - m + 1 = 0, -m - 2 = -2*p + 3*m. Give f(p).
-5
Let q(y) be the first derivative of -y**4/4 + 10*y**3/3 - 11*y**2/2 + 14*y - 790. Determine q(9).
-4
Let p(u) = -u**3 - 6*u**2 + 7*u - 7. Suppose -3*f + 35*f - 1088 = 0. Let m = f + -41. What is p(m)?
-7
Let w(i) = i**3 + 6*i**2 + i + 6. Suppose -5*y - f = 38, -2*y = 5*f - 32 + 61. What is w(y)?
-50
Let d(h) = h**2 - 2*h - 2. Let t = 32 - -3. Let v be (-3)/21 + (-2620)/t. Let c be (v/(-10))/5*(-6)/(-3). Determine d(c).
1
Suppose -7*k + 9*k - 4 = 0. Let n be ((-1)/k)/((-3)/(-60)). Let c(v) = v**3 - 135*v + 10*v**2 - 141*v + 277*v + 5. What is c(n)?
-5
Let v(i) = -51*i + 10. Let y be -15*(-24)/(-60) + 8. Determine v(y).
-92
Let h(d) = 5*d**3 - 24*d**2 - 36*d - 5. Let z(g) = -2*g**3 + 8*g**2 + 12*g + 2. Let w(t) = -3*h(t) - 8*z(t). Let m = 4747 - 4753. Calculate w(m).
-1
Let v = -24 + 29. Let w be (-1 - v)/(1/2*-1). Suppose 0 = -5*r - 10, -w = n - 2*n + 3*r. Let f(t) = t**2 - 4*t - 5. Give f(n).
7
Suppose -5*r + 152 = 6*u - 2*u, -3*r + 3*u = -75. Let x = 34 - r. Let q(i) = -i - 1 + 0 - 2*i**3 + 3*i**3 - 5*i**2 - 4*i. Determine q(x).
5
Let c(q) = q**2 + 8*q + 7. Let i(d) = -2*d**3 - d**2 + 4*d + 2. Let o be i(-4). Let g = o + -62. Suppose -8*p - 12 - g = 0. What is c(p)?
-5
Let i(f) = -9*f**3 - f**2 - 8*f + 1. Let u(t) be the third derivative of -t**6/30 - t**5/60 - t**4/6 + 5*t**2 + 20. Let g(a) = -3*i(a) + 7*u(a). Give g(-2).
-3
Let a be (-8)/16*(-1 - 3). Suppose -22 + 14 = a*i. Let o(h) = -3*h**3 - 5*h**2 + 6*h + 1. Let t(d) = d**3 + d**2 - d + 1. Let v(u) = o(u) + 2*t(u). Give v(i).
3
Let x(d) = d**2 - 3*d - 5. Suppose m + 100 = 4*f, -3*f + 33 + 19 = 5*m. Suppose 0 = -14*v - 32 - f. Give x(v).
23
Let q(t) = 29 - 4 - 8 - 9 - 9*t - 7. Suppose 0 = 2*r - 6*r. Suppose -n = -1 - r. Calculate q(n).
-8
Let x(j) be the second derivative of -1/2*j**2 - 4/3*j**3 + 0 - 1/20*j**5 - 114*j + 3/4*j**4. Determine x(8).
-1
Suppose 9*q - 216 = 3*q. Let k(y) = 2*y**2 + 67 + y**3 - 34 - 3*y - q. What is k(-2)?
3
Let n(p) = -4*p - 6. Let q(f) = -3*f - 5. Let g(x) = 4*n(x) - 5*q(x). Suppose 72 = -9*u + 126. Suppose -4*r = -3*s + 28, -2*s - 4 = 9*r - u*r. Give g(r).
5
Let h(z) be the third derivative of -17*z**4/24 - 151*z**3/3 + 101*z**2 + 6. What is h(-18)?
4
Let x(q) = -q**3 + 13*q**2 + 13*q + 7. Let t be x(14). Let d(p) = 7*p + 0*p**2 + 4*p - 7*p + p**2 + 8 - 2. Calculate d(t).
27
Let x(u) be the first derivative of -5*u**2/2 + 5*u + 3060. Let m = -10 - -7. What is x(m)?
20
Suppose -403*w = -385*w - 396. Let d(l) = 3*l - 98. What is d(w)?
-32
Let x(u) = 6*u**2 + 44*u - 39. Let l(i) = -i**2 - 8*i + 1. Let s(t) = -5*l(t) - x(t). What is s(-9)?
-11
Let g(x) = -116*x + 228. Let m(o) = 12*o - 25. Let n(w) = -3*g(w) - 28*m(w). Determine n(-3).
-20
Let k(c) = 13*c - 9. Let y(p) = -3*p - 2. Let g(d) = k(d) + 6*y(d). What is g(9)?
-66
Suppose -6*o + o - 15 = 0. Let c(f) = -4*f - 10. Let n be c(-3). Let w(l) = -n*l + 57*l**2 + 62*l**2 - 178*l**2 + 61*l**2 + l**3 - 3. Give w(o).
-6
Let q = 3485 + -3486. Let g(c) = 37*c**2 + 2*c. What is g(q)?
35
Let u(c) = 16 + 285*c**2 - 97*c**2 - 90*c**2 - 114*c - 95*c**2 + 93. What is u(37)?
-2
Let c(b) = -4*b**3 - 4*b**2 - 6*b - 12. Let h(y) = -9*y**3 - 8*y**2 - 12*y - 26. Let f(r) = -7*c(r) + 3*h(r). Determine f(-6).
-102
Let y(h) = -1 + 238*h - 108*h + 3 - 98*h. Determine y(-3).
-94
Let q = -17 + 29. Let s be ((-30)/25)/((q/(-15))/(-2)). Let j(w) = -23*w**2 + w + 3. Let t(x) = -16*x**2 + x + 2. Let p(g) = 5*j(g) - 7*t(g). Calculate p(s).
-20
Suppose -16*m + 5*d = -15*m - 37, m - 2*d = 10. Let y(h) be the first derivative of h**4/4 + 3*h**3 + 11*h**2/2 + 18*h - 2. Calculate y(m).
-6
Let l = -46 - -50. Suppose q = -5, 11 + l = 2*x + 5*q. Let j(c) = 9*c - 14 + x - 7. Calculate j(1).
8
Suppose 26*y + 32*y + 42 = 44*y. Let z(i) = i**3 + 2*i**2 + i + 11. Determine z(y).
-1
Let t = -6 - -10. Suppose -48 = -2*d - t*d. Suppose -5*n - 18 = -d*n. Let q(z) = z**3 - 7*z**2 + 5*z + 4. Give q(n).
-2
Let j(q) = -q**3 - q**2 + 2*q - 13. Let y(m) = 5*m**3 - 5*m**2 + 9*m - 52. Let n(l) = 4*j(l) - y(l). Determine n(-2).
78
Let r(d) = -2*d**3 - 3*d**2 + 2*d + 3. Let t = -9 - -7. Let a be r(t). Suppose 0 - a = 3*h. Let i(b) = -2*b**3 - 2*b**2 - 2*b - 1. What is i(h)?
1
Suppose 2*w - 10*r + 28 = -14*r, 0 = -w - 4*r - 24. Let g be 1/(-2)*-24 - (w + 2). Let k(j) = j - 20. Give k(g).
-6
Let n(y) be the third derivative of -y**4/8 - 49*y**3/6 - 9*y**2 + 9*y. Let o be n(-17). Let v(b) = 5*b**2 - b - 2. Calculate v(o).
16
Let t(b) = 16 + 3 + b - 20. Let l(w) be the third derivative of -w**5/60 + w**4/4 + w**3/6 - 3*w**2. Let q be l(6). Determine t(q).
0
Let k(b) be the third derivative of -b**6/24 + b**5/20 + b**4/6 + b**3/2 - 53*b**2. Let t(x) = x**3 - x**2 - x - 1. Let s(o) = k(o) + 4*t(o). Calculate s(0).
-1
Let z(x) = -37*x + 58. Let r be z(-13). Let a(o) = -274 + r - 266 - 12*o. Determine a(-2).
23
Suppose -22*p = -30*p + 72. Let q(f) = -f**3 + 10*f**2 - 7*f - 14. Determine q(p).
4
Let o = 283 + -251. Suppose 13*f - o - 98 = 0. Let m(z) = -z**3 + 9*z**2 + 11*z + 10. What is m(f)?
20
Let i(h) be the third derivative of 326*h**2 + 1/120*h**6 - 5/12*h**4 - 5/3*h**3 + 1/6*h**5 + 0*h + 0. Calculate i(-11).
-21
Let n(m) = 5*m + 322. Let y(k) = -k - 51. Let r(w) = -n(w) - 6*y(w). What is r(6)?
-10
Let d(f) = 15927864 - 15927875 + 39*f + 6*f. What is d(2)?
79
Let l = -1 + 3. Let x be l + 0/(0 - 1). Let d(q) be the first derivative of -2*q**3/3 - q**2/2 + q + 183631. Calculate d(x).
-9
Let z(u) be the third derivative of -u**6/30 + u**5/20 + u**2 + 943. Determine z(2).
-20
Let k = 71 + -66. Let x(h) = -4*h + k*h + 5 - 3. Suppose m + 3 = -1. Give x(m).
-2
Let y(f) = 3*f**3 - 8*f**2 + 4*f - 11. Let n(x) = -10*x**3 + 24*x**2 - 13*x + 33. Let t(v) = -2*n(v) - 7*y(v). Let c = -200 - -179. Let a = -13 - c. Give t(a).
-5
Suppose -4*p = 2*z - 4, 5*p + 16 = -4*z + 15. Let x(o) = 4*o + 15. Let m(k) = 3*k + 15. Let n(s) = z*x(s) + 5*m(s). Determine n(11).
4
Let p be (-13 + -9)/(-11) - (-6 - 1). Let j be p*4/12 - -2. Let y(h) = -h**2 + 7*h - 2. Calculate y(j).
8
Let f(t) = 5*t - t - 9 - 1. Let l be f(3). Let k(v) = -2 - 2 + l*v + 3 + 5. What is k(-3)?
-2
Let w(n) be the first derivative of -n**2 + 46*n - 3587. Give w(15).
16
Suppose 4*w - 3*w - 149 = -5*o, 3*w - 447 = o. Let i = w - 139. Let f(s) = 7*s - s - 5*s - i. Determine f(11).
1
Let z be (-1)/(-9) + ((-19448)/198)/(-34). Let g(j) = -j**3 + 4*j**2 - j - 5. Calculate g(z).
1
Let m(v) = 3814 + 4*v + v**2 + 3833 - 7662. What is m(-11)?
62
Suppose v - 1 = 2*v. Let p(k) = 2*k - 21*k**3 + 1044 - 1043 - 994*k**2 + 1995*k**2 - 999*k**2. Give p(v).
22
Let s(n) = -17*n**3 + 105*n**2 - 30*n - 4. Let t(g) = -5*g**3 + 31*g**2 - 10*g - 1. Let x(q) = -2*s(q) + 7*t(q). Calculate x(4).
9
Let r(m) = -2*m**3 - 3*m**2 - 4*m - 7. Let u be (-93)/620 + 444/(-240). What is r(u)?
5
Let o(c) = -c**3 + 11*c**2 - 17*c - 61. Let k be o(7). Let i(r) = r**3 - 15*r**2 - 16*r + 4. Determine i(k).
4
Let a(q) = 3*q + 1. Let h = -146 - -143. Let k be (-1 + h/(-2))*4/(-1). What is a(k)?
-5
Suppose -5*x = 3*w + 76, -w + 5*x + 8 = -0*w. Let n(f) = -16*f + 4 - 41 + 7*f + 7*f. Let t be n(w). Let d(z) = 2*z**2 - 3. Give d(t).
15
Let k(n) be the third derivative of n**4/24 + n**3/6 + n**2 - 151. Let w(d) = 6. Let q(b) = -4*k(b) - w(b). What is q(-4)?
6
Let m(a) = 7*a**2 - 521*a + 217. Let h be m(74). Let y(w) = -3*w**2 + 66. Give y(h).
-9
Let r(i) be the second derivative of 5*i**3/6 + 5*i**2 - 20*i + 1. Let q be r(-4). Let x(o) = o**3 + 11*o**2 + 11*o - 7. What is x(q)?
-17
Let g(d) = -6193*d - 21 - 2*d**2 - 6182*d + 12395*d. Calculate g(6).
27
Let m(t) = 7. Let c(h) = -h - 17. Let q = 330 - 336. Let x(p) = q*c(p) - 17*m(p). Calculate x(4).
7
Let k(f) be the third derivative of -f**4/8 - 13*f**3/6 + 9*f**2 - 4*f. Let r(z) = -6*z - 23. Let q(b) = -7*k(b) + 4*r(b). Determine q(-2).
5
Suppose w = 3*w - 2*j - 18, -2*j = 8. Suppose -w*b + 18 = 4*b. Suppose -o + 1 = b*q - 0*q, 5*o = 2*q + 17. Let r(l) = -l - 3. What is r(o)?
-6
Let w(b) = 28*b + 154. Let c(r) = 72*r + 308. Let t(z) = 2*c(z) - 5*w(z). What is t(37)?
-6
Let o(z) be the third derivative of -z**6/120 - 2*z**5/15 + 7*z**4/24 - 4*z**